 4*y, -k + 2*y + 70 = 0. Suppose k = -2*q + 312. Is q composite?
True
Suppose 60 = 2*v + v. Let d be 1308/v + 2/(-5). Let b = d + -44. Is b prime?
False
Let w be (-908)/(-5) + 14/35. Let t(g) = g - 10. Let o be t(14). Suppose -o*k + 522 = w. Is k prime?
False
Let u(y) = -6*y + 77. Let d(m) = -m. Let b(h) = -5*d(h) + u(h). Is b(0) composite?
True
Suppose 34 - 142 = -3*o. Suppose 0 = -4*j - 3*y + 25, 4*j + 0*j - 4*y - 32 = 0. Suppose j*l = 3*l + o. Is l a prime number?
False
Suppose -v + 15 = -6*v. Let k be (v - 4/(-2)) + 3. Suppose -5*j + 35 = k*r - 51, j = -r + 37. Is r composite?
True
Suppose 10 = -2*d, -2*r + 5*d - 3 = -42. Let x = 8 - 4. Suppose -75 = -r*p + x*p. Is p a composite number?
True
Let w(m) = -15*m**3 + m**2 - m - 1. Let c be w(-1). Suppose -40 = -4*f - c. Is f composite?
True
Let d = 233 - -47. Suppose -3*k + d + 389 = 0. Is k a composite number?
False
Suppose -6 - 3 = -3*s. Suppose s*a + 174 = 3*r, -3*r - a - 117 = -5*r. Is r a prime number?
True
Let g be (-8 + -2)*4/(-8). Suppose -3*s + 0*t + g = -2*t, -3*s + 5*t = 1. Suppose -s*j + j + 166 = 0. Is j prime?
True
Let z(v) = 2*v**2 - 4*v + 1. Is z(8) composite?
False
Suppose -4*v = q - 26 + 7, -2*q = -5*v + 14. Let w = -19 - -8. Let a = q - w. Is a a composite number?
True
Let a = 2298 + -899. Is a composite?
False
Is (-879)/(-9) - ((-1)/3 - -1) a prime number?
True
Is (1 - 555/(-6))*2 a composite number?
True
Let d(k) = k**2 - 19*k - 25. Is d(-15) a composite number?
True
Let x = -4 - -8. Let f(j) = -16*j**2 - j + 1. Let k be f(x). Is k/(-4) + 4/16 composite?
True
Let l be (-18)/12*170*1. Let u = -124 - l. Is u a composite number?
False
Let b(k) = -2*k - 12. Let t be b(-8). Suppose -m = 4*c - 95, t*c + 6*m = 2*m + 80. Is c composite?
True
Let y(f) = -f**2 - 7*f - 6. Let c be y(-5). Suppose -2*l + l - 30 = -h, 2*h = -c*l + 30. Is h a prime number?
False
Suppose 0 = l + 4*l + 15, 4*l = b - 15. Suppose -b*q = -8*q + 55. Suppose -c + 46 = q. Is c composite?
True
Suppose -2*c - 7100 = 4*w + 2*c, -3*c = -5*w - 8867. Is (-4)/(-14) - w/14 a prime number?
True
Let s be ((-12)/(-9))/((-1)/(-3)). Suppose -3*q = -o - 194, -2*q + o = -3*q + 66. Suppose 0 = s*b - q - 11. Is b a prime number?
True
Suppose 2*t = -0*t + 218. Is t a prime number?
True
Suppose 4*u - 8 = -0*u. Let d be 152/(-7) + u/(-7). Is (d/4)/(3/(-30)) a prime number?
False
Let j be 1/(-2) - 2/(-4). Suppose j = -4*z + 84 + 256. Is z a prime number?
False
Let t be ((-5)/3)/(1/3). Let z(m) = m**3 + 5*m**2 - m - 1. Is z(t) a composite number?
True
Let f(c) = c**3 - 9*c**2 - 3*c - 7. Let n be f(7). Let i(w) = 27*w + 4. Let v be i(-3). Let l = v - n. Is l composite?
True
Let m be (3/2)/(6/344). Let k = 225 - m. Is k a composite number?
False
Suppose -968 = -4*f + 3*s - 67, -3*f = -s - 672. Is f composite?
False
Let s be 3/((-18)/3)*2. Let f(a) = -186*a**3 - 1. Is f(s) a prime number?
False
Is (1258/3)/2 - 2/3 a composite number?
True
Let k = -13 + 11. Let o(i) = -2*i + 1. Let v be o(1). Is 83 - (k/v + -2) composite?
False
Suppose 30 = w + 5*z, -4*w - 3*z + 120 = -2*z. Let f = 67 - w. Is f composite?
False
Let f = 855 + -508. Is f a composite number?
False
Let j(k) = 10*k - 25*k - 24*k - 20*k. Is j(-1) a composite number?
False
Suppose -2*m + 148 = 2*n - 4*m, 0 = -3*n + 2*m + 222. Is n composite?
True
Let z(x) = -x**3 - 3*x**2 + 2*x - 6. Is z(-8) prime?
False
Let x be 0 - 3 - -3 - 493. Let p = 704 + x. Is p composite?
False
Is (-84)/(-8)*(330/9)/5 composite?
True
Is (2727/6)/(-9)*-34 a composite number?
True
Suppose -4*t = -0*t - 3*d - 1213, 0 = 2*t + d - 599. Suppose -4*w = -t - 75. Suppose 6*x = 4*x + w. Is x prime?
True
Let m be (2/(-4))/(2/(-128)). Suppose g = c + 59, -5*c - m = -12. Is g prime?
False
Suppose -8*g + 3*g - 70 = 0. Let a = 511 + g. Suppose 5*c - 1054 = -p, 3*p + 561 = 5*c - a. Is c prime?
True
Let r = 1 - -2. Is (r - 8/3)*99 prime?
False
Suppose -5*q + 0*q + 3755 = 0. Is q composite?
False
Let c be (15*1)/3 - 2. Suppose 3*p + 6*b = 3*b + 18, 0 = c*p - b + 2. Is ((-1)/2)/(p/(-12)) composite?
True
Let v(d) = d**2 - 9*d + 12. Is v(14) a prime number?
False
Suppose 16 = 4*k - 8. Let l be (-24)/(-16)*(-4)/k. Is 68 + l - (4 - 6) a composite number?
True
Suppose -4*j - 6*g + 3*g + 11 = 0, -14 = -5*j - 4*g. Suppose s + 361 = j*t, -2*t + 176 = -t + s. Is t composite?
False
Suppose -u - 2*y + 1 = 23, -2*y + 50 = -5*u. Let c be (-10)/(-3)*u/(-10). Suppose -o + 175 = c*o. Is o a prime number?
False
Is 2 - (-4 + (-214)/(2 - 0)) composite?
False
Let m = 7621 + -4802. Is m a prime number?
True
Let s be (0 + 10/6)*3. Suppose -93 = -3*f - s*w, f - w = 3*f - 62. Is f prime?
True
Is (-51054)/(-14) - (0 + (-10)/35) composite?
True
Let w be 2 + 63 - (-4 + 5). Suppose -4*y + 267 = -k, 2*k = y - k - w. Is y prime?
True
Suppose -3*a + 12 = -5*t - 4*a, -3*a = -5*t - 4. Let g be t/12 + 1048/(-48). Let f = g - -43. Is f prime?
False
Let w(z) = -9*z + 1. Let r be w(-1). Suppose v = -4*v + r. Suppose 0 = -v*f + f + 35. Is f a prime number?
False
Let a(q) = q**2 + 12*q + 15. Let c be a(-10). Let m = c - -52. Is m a prime number?
True
Let x(s) = -3*s - 6*s**2 - 4 - 2*s + s**3 + s**2. Let v be x(6). Suppose v = m - 2. Is m a composite number?
True
Suppose 0*l + n = -2*l + 3809, -3*l - 5*n + 5724 = 0. Is l a prime number?
False
Let f(d) be the third derivative of -d**6/120 - 11*d**5/60 + d**4/6 - d**3/2 + 2*d**2. Is f(-12) a composite number?
True
Let f be 2*(3 + (-36)/4). Is 4*((-429)/f + -3) prime?
True
Suppose -4*l + l = -15. Suppose -l*n = y - 113, 5*n + 111 = 5*y - 574. Is y a composite number?
True
Suppose 2*t = 5*t - 267. Is t a composite number?
False
Is (3 - 9692/(-4))/(3 + -1) composite?
False
Let o(x) = 7*x + 13. Let i be o(-9). Let a = 33 - i. Is a composite?
False
Let n be 6/(-3)*1345/10. Let t = 387 + n. Is t composite?
True
Let f(d) = d**3 - 4*d**2 - 3*d - 5. Let a be f(5). Suppose -3*m + a*m = 0. Suppose m = 5*g - w - 571 + 89, 0 = -g + 2*w + 91. Is g a composite number?
False
Let s(j) be the third derivative of j**5/60 + j**4/4 - j**3/3 + 3*j**2. Is s(-11) a prime number?
True
Suppose 0 = 2*c - 3*r + 2145, 5*c - 5*r - 2437 = -7787. Let d = c + 3548. Suppose 5*s = -n + d, 3*s + 383 - 1872 = -n. Is s a composite number?
True
Let m be 0 - (-1 + 3)/(-1). Suppose -32 = -m*n + n. Let p = n - 1. Is p a prime number?
True
Suppose -3*i - 12 = 0, -4*v - 2*i = -v - 49. Is v prime?
True
Suppose 0 = 2*v - 4*v - 40. Is (v/6)/(8/(-132)) prime?
False
Let v(z) = -5 + 20*z + 2 + 2. Is v(3) composite?
False
Let j(z) = 8*z + 6. Suppose 5*p = -4*x + 16, 5*x - 20 + 9 = -4*p. Is j(p) a composite number?
True
Suppose h = z - 36, -4*z - h = -3*z - 44. Let q = z - -143. Is q a prime number?
False
Let k be (0/(-3))/(-2) + 3. Suppose 5*s - k = 7. Is s a prime number?
True
Suppose 0 = 2*q - 5*q - 27. Let r = 15 + q. Is ((-2)/(-4))/(1/r) a prime number?
True
Suppose 3*w - 15 = 3*n, 4*w - w - 17 = n. Let b(j) = -j + 8. Let f be b(w). Suppose -f*t + 171 = -p - 236, 5*p - 807 = -4*t. Is t composite?
True
Let n = -14 + 26. Let v be (-18)/4*n/9. Let l(j) = -j**2 - 7*j - 4. Is l(v) composite?
False
Let x be 1*3/6*-252. Let z = 134 - x. Suppose -5*u + z = -u. Is u a prime number?
False
Let n(t) = 65*t + 2. Let l be n(4). Let d = -179 + l. Is d composite?
False
Let u(d) = d**3 + 5*d**2 - 6*d + 4. Let o be u(-6). Suppose 4*v = -g + o*g + 278, -3*g - v - 268 = 0. Let y = -11 - g. Is y composite?
False
Suppose 0 = 6*v - 10*v + 17276. Is v a prime number?
False
Suppose -t = -5*n + 4437, 0 = -5*n - 3*t + 1822 + 2607. Is n a composite number?
False
Let o(b) = -b**2 + 9*b - 8. Let r be o(8). Suppose -3*n + 15 = r, q + 5*n - 56 = 192. Is q a prime number?
True
Is 29190/18 - 4/6 prime?
True
Let x(n) be the third derivative of -37*n**4/12 - n**3/2 - 3*n**2. Is x(-2) a prime number?
False
Let b(m) = m**3 + 11*m**2 + 10*m - 2. Let i be b(-10). Let k = 39 + i. Is k + (8 - 2)/(-2) composite?
True
Let p(h) = 26*h**2 + 5*h. Is p(-3) composite?
True
Let d = -52 - -14. Let j = d - -157. Is j prime?
False
Is 2700 + (-1 - -2) + (-32)/(-8) a prime number?
False
Let a = 337 + 656. Is a a composite number?
True
Is (-2 - -5) + 416/2 composite?
False
Suppose -62201 = -23*h + 258948. Is h a composite number?
False
Let z(d) = -d**2 - 2*d + 113. Is z(0) composite?
False
Let i = 11 - 7. Sup